{"id":9952,"date":"2023-05-05T12:53:16","date_gmt":"2023-05-05T12:53:16","guid":{"rendered":"https:\/\/amazonhidro.com\/?page_id=9952"},"modified":"2023-07-10T17:20:24","modified_gmt":"2023-07-10T17:20:24","slug":"consultoria-e-engenharia-ambiental","status":"publish","type":"page","link":"https:\/\/amazonhidro.com\/index.php\/consultoria-e-engenharia-ambiental\/","title":{"rendered":"Consultoria e Engenharia Ambiental"},"content":{"rendered":"<p>[vc_section css=&#8221;.vc_custom_1683648648047{padding-top: 15px !important;padding-bottom: 15px !important;}&#8221;][vc_row][vc_column]<div class=\"wpb_content_element \"><style type=\"text\/css\">#ut_header_69e115b430603 h6.section-title { font-size:28px !important;line-height:32px !important;letter-spacing:-0.03em; }<\/style><header id=\"ut_header_69e115b430603\" class=\"section-header  ut-no-title-linebreak-mobile ut-no-lead-linebreak-mobile pt-style-7 header-left header-tablet-left header-mobile-center element-with-custom-line-height\"><div class=\"element-with-custom-line-height\" ><h6 data-title=\"Consultoria e Engenharia Ambiental:\"  data-responsive-font=\"section_title\" data-responsive-font-settings=\"{&quot;base-font-size&quot;:&quot;28&quot;,&quot;font-size&quot;:{&quot;desktop_large&quot;:&quot;28&quot;},&quot;base-line-height&quot;:&quot;32&quot;,&quot;line-height&quot;:{&quot;desktop_large&quot;:&quot;32&quot;},&quot;base-letter-spacing&quot;:&quot;global&quot;,&quot;letter-spacing&quot;:{&quot;desktop_large&quot;:&quot;-0.03&quot;}}\" class=\"section-title  \"><span>Consultoria e Engenharia Ambiental:<\/span><\/h6><\/div><\/header><\/div>[\/vc_column][\/vc_row][vc_row][vc_column width=&#8221;1\/2&#8243;]<div  class=\"wpb_content_element   clearfix\"><style type=\"text\/css\">#ut_am_69e115b476488 { opacity: 1; }#ut_am_wrap_69e115b47648b .ut-image-gallery-item-caption-title h3 { letter-spacing: 0em; }#ut_am_wrap_69e115b47648b .ut-gallery-slider-caption { font-weight: bold; }#ut_am_wrap_69e115b47648b { text-align: left; }@media (min-width: 768px) and (max-width: 1024px) { #ut_am_wrap_69e115b47648b { text-align: left !important; } }@media (max-width: 767px) { #ut_am_wrap_69e115b47648b { text-align: center !important; } }<\/style><div id=\"ut_am_wrap_69e115b47648b\" class=\"ut-image-gallery-image \"><div id=\"ut_reveal_69e115b47648c\"  data-appear-top-offset=\"auto\" class=\"ut-animated-image-item ut-image-gallery-item ut-animation-done \"><a class=\"ut-deactivated-link\" href=\"#\"><div class=\"ut-animated-image-zoom\"><img loading=\"lazy\" decoding=\"async\" class=\"ut-lazy skip-lazy ut-animated-image \"  id=\"ut_am_69e115b476488\" src=\"data:image\/svg+xml;charset=utf-8,%3Csvg xmlns%3D'http%3A%2F%2Fwww.w3.org%2F2000%2Fsvg' viewBox%3D'0 0 1080 1080'%2F%3E\" data-src=\"https:\/\/amazonhidro.com\/wp-content\/uploads\/2023\/07\/6B98C69F-1F75-421A-B324-B0ED68A8439F.png\" width=\"1080\" height=\"1080\" alt=\"\"\/><\/div><\/a><\/div><\/div><\/div>[\/vc_column][vc_column width=&#8221;1\/2&#8243;]<div class=\"wpb_content_element \"><style class=\"bklyn-inline-styles\" type=\"text\/css\">#ut_fl_69e115b4774c5162167724.bklyn-fancy-list { font-size: 14px !important; }#ut_fl_69e115b4774c5162167724.bklyn-fancy-list { line-height: 28px !important; }#ut_fl_69e115b4774c5162167724 li span { color: rgba(0, 0, 0, 0.7); }#ut_fl_69e115b4774c5162167724 a { color: rgba(0, 0, 0, 0.7); }#ut_fl_69e115b4774c5162167724 a:visited { color: rgba(0, 0, 0, 0.7); }#ut_fl_69e115b4774c5162167724 ul { list-style-type: square; }<\/style><div id=\"ut_fl_69e115b4774c5162167724\" class=\"bklyn-fancy-list  bklyn-fancy-list-left bklyn-fancy-list-tablet-left bklyn-fancy-list-mobile-center\"><ul class=\"bklyn-list  bklyn-fancy-list-animated\" data-appear-top-offset=\"almost\"><li class=\"bklyn-list-item-space-xsmall\"><span><span style=\"font-weight: bold\">Licenciamento ambiental <\/span><br \/><span>(Licen\u00e7a Pr\u00e9via, Licen\u00e7a de Instala\u00e7\u00e3o e Licen\u00e7a de Opera\u00e7\u00e3o);<\/span><\/a><\/span><\/li><li class=\"bklyn-list-item-space-xsmall\"><span><span style=\"font-weight: bold\">Elabora\u00e7\u00e3o de Estudos T\u00e9cnicos<\/span><br \/><span>Relat\u00f3rio de Controle Ambiental - RCA; Plano de Controle Ambiental - PCA; Projeto de Engenharia Ambiental - PEA; Programa de Gerenciamento de Res\u00edduos S\u00f3lidos - PGRS; Programa de Gerenciamento e Monitoramento de Recursos H\u00eddricos e Efluentes; Relat\u00f3rio de Informa\u00e7\u00e3o Ambiental Anual - RIAA; Estudo de Impacto de Vizinhan\u00e7a - EIV; Relat\u00f3rio Ambiental Simplificado \u2013 RAS entre outros);<\/span><\/a><\/span><\/li><li class=\"bklyn-list-item-space-xsmall\"><span><span style=\"font-weight: bold\">Fiscaliza\u00e7\u00e3o e gest\u00e3o ambiental;<\/span><\/a><\/span><\/li><li class=\"bklyn-list-item-space-xsmall\"><span><span style=\"font-weight: bold\">Auditoria e Consultoria Ambiental; <\/span><\/a><\/span><\/li><li class=\"bklyn-list-item-space-xsmall\"><span><span style=\"font-weight: bold\">Pesquisa e Desenvolvimento de Temas Ambientais;<\/span><\/a><\/span><\/li><li class=\"bklyn-list-item-space-xsmall\"><span><span style=\"font-weight: bold\">Atendimento das Condicionantes Ambientais.<\/span><\/a><\/span><\/li><li class=\"bklyn-list-item-space-xsmall\"><span><span style=\"font-weight: bold\">Gest\u00e3o de licen\u00e7as \u2013<\/span><br \/><span>gerenciamento e acompanhamento de licen\u00e7as ambientais;<\/span><\/a><\/span><\/li><li class=\"bklyn-list-item-space-xsmall\"><span><span style=\"font-weight: bold\">Gerenciamento ambiental de obras;<\/span><\/a><\/span><\/li><li class=\"bklyn-list-item-space-xsmall\"><span><span>Entre outros. <\/span><\/a><\/span><\/li><\/ul><\/div><\/div>[\/vc_column][\/vc_row][\/vc_section]<\/p>\n","protected":false},"excerpt":{"rendered":"<p>[vc_section css=&#8221;.vc_custom_1683648648047{padding-top: 15px !important;padding-bottom: 15px !important;}&#8221;][vc_row][vc_column][\/vc_column][\/vc_row][vc_row][vc_column width=&#8221;1\/2&#8243;][\/vc_column][vc_column width=&#8221;1\/2&#8243;][\/vc_column][\/vc_row][\/vc_section]<\/p>\n","protected":false},"author":1,"featured_media":0,"parent":0,"menu_order":0,"comment_status":"closed","ping_status":"closed","template":"","meta":{"footnotes":""},"class_list":["post-9952","page","type-page","status-publish","hentry"],"_links":{"self":[{"href":"https:\/\/amazonhidro.com\/index.php\/wp-json\/wp\/v2\/pages\/9952","targetHints":{"allow":["GET"]}}],"collection":[{"href":"https:\/\/amazonhidro.com\/index.php\/wp-json\/wp\/v2\/pages"}],"about":[{"href":"https:\/\/amazonhidro.com\/index.php\/wp-json\/wp\/v2\/types\/page"}],"author":[{"embeddable":true,"href":"https:\/\/amazonhidro.com\/index.php\/wp-json\/wp\/v2\/users\/1"}],"replies":[{"embeddable":true,"href":"https:\/\/amazonhidro.com\/index.php\/wp-json\/wp\/v2\/comments?post=9952"}],"version-history":[{"count":19,"href":"https:\/\/amazonhidro.com\/index.php\/wp-json\/wp\/v2\/pages\/9952\/revisions"}],"predecessor-version":[{"id":10162,"href":"https:\/\/amazonhidro.com\/index.php\/wp-json\/wp\/v2\/pages\/9952\/revisions\/10162"}],"wp:attachment":[{"href":"https:\/\/amazonhidro.com\/index.php\/wp-json\/wp\/v2\/media?parent=9952"}],"curies":[{"name":"wp","href":"https:\/\/api.w.org\/{rel}","templated":true}]}}